(-4) + 1/4. Let z(t) = 4*t**3 - 2*t + 1. Let d be z(b). Let x be (-6)/d + 97/9. What is the highest common divisor of 1 and x?
1
Let b(f) = f**3 - 4*f**2 + 6*f - 3. Let v be b(4). Calculate the greatest common factor of 14 and v.
7
Let p = 0 - -12. What is the highest common divisor of 18 and p?
6
Let v be 3 + -6 + 19 + -2. Suppose v = -m + 20. Calculate the greatest common divisor of m and 6.
6
Suppose -5*z = -6*z + 10. What is the highest common divisor of 2 and z?
2
Suppose -l = 2*l - 99. Suppose -3*h + 15 = -l. Calculate the highest common factor of 128 and h.
16
Let z be (-2)/8 - 26/(-8). Suppose -5 = 3*b - 4*b. Let f = -2 + b. Calculate the highest common factor of z and f.
3
Let c = -135 - -195. Let b(h) = -h**3 - h + 2. Let z be b(0). Suppose 0 = -3*t + z*t + 24. Calculate the greatest common factor of t and c.
12
Let t = 33 + -19. Calculate the highest common factor of t and 14.
14
Let d be 3 + -3*1/(-3). Suppose -2*m + 14 = -10. What is the greatest common divisor of d and m?
4
Let l(a) = -a**2 - 18*a. Let j be l(-15). What is the highest common factor of j and 45?
45
Let u(x) = 3 - 4 + x + 0. Let c be u(-4). Let k be (4/c)/((-1)/45). Calculate the greatest common factor of 12 and k.
12
Let g be 1 - 6/3*-32. Let p be 1040/60*6/4. Calculate the highest common factor of p and g.
13
Let p be ((-8)/(-20))/(1/10). Let t be (-10 + p - -4) + 9. Calculate the highest common factor of 21 and t.
7
Let i = 10 + -25. Let v be (-1347)/i - (-3)/15. Calculate the highest common divisor of v and 36.
18
Let k be 0 - (-3)/((-15)/(-290)). Calculate the greatest common factor of k and 87.
29
Suppose 3*p + j - 15 = 3*j, 0 = 3*p - j - 15. Let c be p*56/(-30)*-3. Calculate the greatest common divisor of c and 224.
28
Suppose 3*b = 2*b + 3. Suppose l + 1 = 4*x, 0 = -3*l - 0*x - b*x - 3. Let u be (4 - l)*2/1. Calculate the highest common factor of 25 and u.
5
Let m = 9 - 8. What is the greatest common divisor of 11 and m?
1
Let h = 3 + -2. Suppose a + 4*c - c = -1, 2*c + 38 = 2*a. Let r be a/2*6/21. Calculate the highest common factor of h and r.
1
Let n(j) = -j + 7. Let z be n(6). Let p(t) = 21*t**3 + 2*t**2 - 1. Let o be p(z). What is the greatest common divisor of o and 198?
22
Let s(v) = -v**2 + 4*v + 3. Let h be s(4). Let y(l) = 2*l**2 + 3*l + 1. Let n be y(-4). What is the highest common divisor of n and h?
3
Let v = 7 + -3. Let y be 29 + (-2)/v*-2. What is the greatest common factor of 6 and y?
6
Suppose -3*a - 4*v - 1 = 0, 0 = -2*a - v - 4 + 10. Suppose 5 = a*i, c = 3*i + 3 - 2. Calculate the greatest common factor of c and 10.
2
Let l be 194/4 - (-9)/(-18). Calculate the greatest common factor of l and 120.
24
Suppose 3*l + 2*t = 231 + 220, -3*t + 600 = 4*l. Suppose 55 = 5*r - 30. What is the greatest common divisor of l and r?
17
Suppose d - 224 = -3*d. Let v be 3 + (6/(-3) - 0). Let k be 2*(5 + 2)*v. What is the highest common divisor of k and d?
14
Let f = -2 - -5. Suppose -5*s + 32 = -i, 3*s - 7*s - f*i = -37. Suppose -3*m = -4*m + s. Calculate the greatest common factor of m and 7.
7
Let p be (140 - 5)*(2 + -1). What is the highest common divisor of p and 15?
15
Suppose -2*f - 4*o = 120, -4*f + 2*o = f + 252. Let h be (-6)/39 - 424/f. Suppose -s = 2*s - 36. Calculate the greatest common factor of h and s.
4
Let b(a) = a + 4. Let k be b(0). Suppose -5*f + 423 = h, -3*f + k*f = 2*h + 78. Calculate the greatest common divisor of f and 12.
12
Let f be -1 + 2 + 0 + 1. Suppose 2*n = f*u + 46, -4*n - 2*u = -5*u - 92. What is the highest common divisor of 161 and n?
23
Let q be (-15 + 16/(-4))/(-1). Calculate the highest common factor of q and 19.
19
Suppose 31 = 2*p - 2*x + 1, 0 = -3*p + x + 35. What is the greatest common factor of p and 50?
10
Suppose -2*w + 195 = 5*k, 0 + 3 = 3*k. Calculate the greatest common divisor of 19 and w.
19
Suppose 5*x - 44 = 2*x - 2*r, 0 = 2*x - 5*r - 42. Calculate the greatest common divisor of x and 128.
16
Let u(b) = 3*b + 38. Let z be u(-11). What is the highest common divisor of 65 and z?
5
Let i(j) = -j - 1. Let b be 1*(-2 + (-4 - -2)). Let q be i(b). Calculate the highest common divisor of 24 and q.
3
Suppose -3*x = -281 - 115. Let f = -15 + 21. Suppose -60 = -f*c + c. What is the highest common factor of c and x?
12
Let t(l) = -3*l + 3. Let g = 7 - 4. Let b be (-19)/3 - (-1)/g. Let c be t(b). What is the highest common factor of c and 231?
21
Let r(g) = -18*g - 6. Let k be r(-4). Calculate the greatest common divisor of k and 6.
6
Let k(y) = 47*y**2 - y. Let q(u) = u**3 + 10*u**2 - 11*u - 1. Let d be q(-11). Let i be k(d). What is the greatest common factor of i and 12?
12
Let x be (-12 + 0)/((-9)/6). Let y(k) = 4*k**2 + 5*k - 3. Let n = 8 - 13. Let g be y(n). Calculate the greatest common divisor of x and g.
8
Let v = 65 + -27. Calculate the highest common divisor of v and 76.
38
Suppose 6*o = 366 - 78. What is the greatest common factor of 48 and o?
48
Suppose -8*z + 6*z = -28. Suppose 3*n - 84 = -3*a, 59 + 21 = 2*a - 4*n. Let f = a + -4. What is the greatest common factor of f and z?
14
Suppose -2*j - 72 = -6*y + 2*y, -4*y - j + 60 = 0. What is the highest common factor of y and 24?
8
Suppose 7*b - 4*b = -3. Let i be (-1 - (3 + 91))*b. Suppose o = 2*o - 19. Calculate the highest common factor of o and i.
19
Let i(y) = 3*y + 7*y + 9 - 2*y - y**2. Let l be 1 - ((-8)/1 - -1). Let s be i(l). Calculate the greatest common divisor of s and 63.
9
Suppose -a - 93 = -4*c + 50, 4*c - 149 = -5*a. Suppose 20 = b + 4*b. Calculate the greatest common factor of b and c.
4
Let h = -34 - -57. Let m be (0 - -3)*(-39)/9. Let x = h + m. Calculate the highest common divisor of x and 20.
10
Let g(d) = -5*d - 1. Let x be g(-2). Let p be ((-52)/(-12))/(3/x). Calculate the greatest common divisor of p and 39.
13
Suppose z - 1 = 0, d + 5*z - 26 = 2*z. Calculate the greatest common divisor of d and 46.
23
Let w = 186 + -46. What is the greatest common factor of 56 and w?
28
Suppose -5*h - 4*n = -24 - 18, 3*n = -6. What is the greatest common divisor of h and 20?
10
Suppose -2*a - 140 = -7*a. Let n be 2/(-5) - 1424/(-10). Let d be 3/(6/n) - 1. Calculate the greatest common factor of a and d.
14
Let b = -5 - -14. Suppose -14*g + 378 = -8*g. What is the greatest common factor of b and g?
9
Let p(a) = -22*a**3 + 1 + 0*a + a + 0. Let v be p(-1). Let s = 25 - 14. Calculate the highest common divisor of s and v.
11
Suppose 2*b + s - 4*s - 153 = 0, -b = -s - 75. Let i be (23 - -1)*(-3)/(-9). Calculate the greatest common factor of b and i.
8
Suppose 0*j - j + 2*b + 62 = 0, -2*b + 58 = j. Calculate the greatest common factor of j and 24.
12
Let p(i) = 17*i + 4. Let o be p(4). Calculate the greatest common factor of o and 32.
8
Let f = 30 + -21. Calculate the highest common divisor of f and 9.
9
Suppose 3*s = 1 + 17. Suppose -5*w + 5*n + 290 = 0, 5*w - 5*n + 2*n - 282 = 0. Calculate the highest common factor of s and w.
6
Let m be 0 + -1 - (9 - 2). Let a be ((-30)/m)/(15/40). Calculate the highest common factor of a and 15.
5
Suppose 2*t + 2 = 0, 3*q + 3*t = q + 279. Suppose 105 = 2*y - 3*c, c = -4*y + y + q. Let k be 2/(-4)*(1 + -25). What is the highest common factor of y and k?
12
Let q be -1 - -1 - -2 - (-49 + 46). Suppose -m + 17 = -8. What is the highest common factor of q and m?
5
Suppose -4*q = k - 114 + 40, 4*q - 144 = -2*k. Suppose -9*r - 53 = -2*o - 4*r, -2*o = 4*r - 8. What is the greatest common divisor of o and k?
14
Suppose 19 = 2*h - 95. Let t = -74 - -112. What is the greatest common divisor of h and t?
19
Let h be (11 + -1)/1 - 0. Let y = 155 + -55. What is the greatest common divisor of y and h?
10
Suppose 210 = 4*z + z. Suppose 2*q + 19 = 2*h - q, 5*q - 15 = 0. Calculate the greatest common divisor of z and h.
14
Suppose -2*d = -6*d - 2*o + 68, 3*d - 53 = -2*o. What is the greatest common factor of 30 and d?
15
Let v(h) = h**2 - 3*h + 4. Let d = -16 - -22. Let c be v(d). Let w be (0 - -2)/(2/33). What is the highest common divisor of w and c?
11
Let c be (1 - -14)/5 - -3. Calculate the highest common factor of c and 66.
6
Suppose -4*c + 1 = -47. Let b(t) = -t**3 + 9*t**2 + 2*t - 6. Suppose -4*o - o = -45. Let z be b(o). What is the greatest common divisor of c and z?
12
Suppose 2 = -2*s + s. Let n be 11/2*(s - -20). What 